{"id":1423,"date":"2015-04-20T16:07:07","date_gmt":"2015-04-20T16:07:07","guid":{"rendered":"http:\/\/textocon.com\/wp\/?page_id=1423"},"modified":"2019-05-10T19:27:22","modified_gmt":"2019-05-10T19:27:22","slug":"empresa2","status":"publish","type":"page","link":"https:\/\/textocon.com\/?page_id=1423","title":{"rendered":"Empresa"},"content":{"rendered":"<h3 id=\"custom-title-h3-1\" class=\"ui--animation \" style=\"\">Quem Somos<\/h3><div class=\"auto-format ui--animation\"><p>A Textocon \u00e9 uma empresa pioneira em consultoria de textos, produ\u00e7\u00e3o de relat\u00f3rios de pesquisa e de prospec\u00e7\u00e3o de \u00e1reas de neg\u00f3cios.<br \/>\n<br \/>\n<strong>Fundada em 1990<\/strong>, a empresa mant\u00e9m at\u00e9 hoje a sua tradi\u00e7\u00e3o de atuar com qualidade e efici\u00eancia, buscando diferenciar-se por meio da experi\u00eancia de sua diretoria, com forma\u00e7\u00e3o nas \u00e1reas de contabilidade, comunica\u00e7\u00e3o social e cultura organizacional.<\/p>\n<\/div><h3 id=\"custom-title-h3-2\" class=\"ui--animation \" style=\"\">Nossa filosofia<\/h3><div class=\"auto-format ui--animation\"><p>Nossa estrat\u00e9gia baseia-se na filosofia de que as pessoas representam a for\u00e7a indutora do crescimento e das transforma\u00e7\u00f5es que agreguem valor aos neg\u00f3cios das empresas. Acreditamos que, quando motivados, homens e mulheres conscientes de seus direitos e obriga\u00e7\u00f5es tornam-se mais eficientes como atores e protagonistas do exerc\u00edcio profissional e da cidadania.  <\/p>\n<p>Na comunidade, na fam\u00edlia e na empresa eles desempenham pap\u00e9is que se diferenciam entre si, em face da divis\u00e3o social do trabalho. Sua atua\u00e7\u00e3o em cada um desses espa\u00e7os \u00e9 marcada pela bagagem que adquirem ao longo de suas respectivas trajet\u00f3rias profissional e de vida.  <\/p>\n<p>Neste sentido, tanto suas representa\u00e7\u00f5es quanto as rela\u00e7\u00f5es concretas desenvolvidas com seus pares, inclusive na vida profissional, refletem sua vis\u00e3o de mundo. O <em>modus operandi<\/em> da\u00ed resultante nas empresas deve ser visto como fruto dessa mistura, traduzindo-se em uma cultura organizacional que dialoga com as diferen\u00e7as.<\/p>\n<\/div><div  class=\"ui--space clearfix\" data-responsive=\"{&quot;css&quot;:{&quot;height&quot;:{&quot;phone&quot;:null,&quot;tablet&quot;:null,&quot;widescreen&quot;:null}}}\"><\/div><div  class=\"ui--divider ui--animation clearfix ui--divider-dotted-line\" style=\"border-color: #b0b0b0 !important;\"><\/div><div class=\"ui-row row\">\n <div   class=\"ui-column span4\"><div class=\"ui--image-wrap clearfix\"><img decoding=\"async\"  id=\"ui--image-1\" class=\"ui--image ui--animation\" src=\"https:\/\/textocon.com\/wp-content\/uploads\/2015\/07\/creativ-1.png\" alt=\"creativ-1\" title=\"creativ-1\" data-at2x=\"\"\/><\/div><h3 id=\"custom-title-h3-3\" class=\"ui--animation \" style=\"\">Nossa miss\u00e3o<\/h3><div class=\"auto-format ui--animation\"><p>Ser criativa e inovadora no planejamento e implementa\u00e7\u00e3o de treinamentos voltados para compet\u00eancias comportamentais, disseminando saberes diferenciados que facilitem enfrentar desafios corporativos decorrentes do ambiente global de neg\u00f3cios. <\/p>\n<\/div><\/div> \n\n <div   class=\"ui-column span4\"><div class=\"ui--image-wrap clearfix\"><img decoding=\"async\"  id=\"ui--image-2\" class=\"ui--image ui--animation\" src=\"https:\/\/textocon.com\/wp-content\/uploads\/2015\/07\/missao_ok.png\" alt=\"missao_ok\" title=\"missao_ok\" data-at2x=\"\"\/><\/div><h3 id=\"custom-title-h3-4\" class=\"ui--animation \" style=\"\">Objetivos<\/h3><div class=\"auto-format ui--animation\"><p>Propor solu\u00e7\u00f5es pertinentes \u00e0 sua voca\u00e7\u00e3o como prestadora de servi\u00e7os, buscando, n\u00e3o apenas satisfazer necessidades imediatas de seus clientes, mas, sobretudo, fomentar conhecimentos que proporcionem sua pereniza\u00e7\u00e3o. <\/p>\n<\/div><\/div> \n\n <div   class=\"ui-column span4\"><div class=\"ui--image-wrap clearfix\"><img decoding=\"async\"  id=\"ui--image-3\" class=\"ui--image ui--animation\" src=\"https:\/\/textocon.com\/wp-content\/uploads\/2015\/07\/valores_ok.png\" alt=\"valores_ok\" title=\"valores_ok\" data-at2x=\"\"\/><\/div><h3 id=\"custom-title-h3-5\" class=\"ui--animation \" style=\"\">Valores<\/h3><div class=\"auto-format ui--animation\"><p>Respeitar a individualidade humana, reconhecendo cada pessoa com suas respectivas cren\u00e7as e diferen\u00e7as, sem manifestar ou praticar qualquer tipo de preconceito de ra\u00e7a, cultura ou de g\u00eanero.   <\/p>\n<\/div><\/div> \n\n<\/div> \n<div  class=\"ui--space clearfix\" data-responsive=\"{&quot;css&quot;:{&quot;height&quot;:{&quot;phone&quot;:null,&quot;tablet&quot;:null,&quot;widescreen&quot;:null}}}\"><\/div><div  class=\"ui--divider ui--animation clearfix ui--divider-dotted-line\" style=\"border-color: #b0b0b0 !important;\"><\/div><div class=\"ui-row row\">\n <div   class=\"ui-column span4\"><div class=\"ui--image-wrap clearfix\"><img decoding=\"async\"  id=\"ui--image-4\" class=\"ui--image ui--animation\" src=\"https:\/\/textocon.com\/wp-content\/uploads\/2015\/04\/perfil6.jpg\" alt=\"perfil6\" title=\"perfil6\" data-at2x=\"\"\/><\/div><\/div> \n\n <div   class=\"ui-column span8\"><h3 id=\"custom-title-h3-6\" class=\"ui--animation \" style=\"\">Quem dirige. <\/h3><div class=\"auto-format ui--animation\"><p>A Textocon \u00e9 dirigida pelo t\u00e9cnico em contabilidade, jornalista, soci\u00f3logo e antrop\u00f3logo <strong>Maroni J. Silva<\/strong>, mestre e doutorando em Ci\u00eancias Sociais pela PUC-SP e autor do livro Magazine Luiza Neg\u00f3cio &#038; Cultura, lan\u00e7ado em 2014 pela Editora Olho D\u00b4\u00c1gua.   <\/p>\n<p>Como jornalista, atuou mais de 30 anos em ve\u00edculos da grande imprensa, em n\u00edvel nacional. Em S\u00e3o Paulo, por exemplo, foi editor-assistente de economia na Folha de S\u00e3o Paulo; na empresa O Estado de S\u00e3o Paulo, exerceu a fun\u00e7\u00e3o de rep\u00f3rter de economia e pol\u00edtica do Jornal da Tarde, tendo sido, inclusive, setorista da Federa\u00e7\u00e3o das Ind\u00fastrias do Estado de S\u00e3o Paulo, e de colaborador da Ag\u00eancia Estado em coberturas econ\u00f4micas.<\/p>\n<p>Atualmente, al\u00e9m dirigir a Textocon, \u00e9 colaborador da revista Gest\u00e3o RH, do Grupo Gest\u00e3o RH, e professor convidado do curso de P\u00f3s-gradua\u00e7\u00e3o <em>lato sensu<\/em> em Comunica\u00e7\u00e3o Organizacional da FMU (Faculdades Metropolitanas Unidas). <\/p>\n<\/div><\/div> \n\n<\/div> \n<div  class=\"ui--divider ui--animation clearfix ui--divider-dotted-line\"><\/div><h3 id=\"custom-title-h3-7\" class=\"ui--animation \" style=\"\">Clientes hist\u00f3ricos<\/h3><div class=\"auto-format ui--animation\"><p>A Textocon iniciou suas atividades trabalhando para grandes empresas, suprindo uma lacuna que atualmente \u00e9 preenchida, em grande parte, pela internet. Os trabalhos consistiam na coleta, an\u00e1lise e sistematiza\u00e7\u00e3o de dados conjunturais formatados em relat\u00f3rios, visando subsidiar a\u00e7\u00f5es internas, apresenta\u00e7\u00f5es p\u00fablicas e decis\u00f5es estrat\u00e9gicas das empresas.   <\/p>\n<p>Nesse segmento teve como principais clientes a Rhodia, Carboox, Sebrae-SP, Grupo Ticket, Oliveira Neves &#038; Associados e IDC, l\u00edder em intelig\u00eancia de mercado. Prestou servi\u00e7os tamb\u00e9m na edi\u00e7\u00e3o de publica\u00e7\u00f5es ao Coren-SP e a associa\u00e7\u00f5es empresariais, como a ABTCP, ABIMAQ e ABM. <\/p>\n<p>Na \u00e1rea de consultoria em comunica\u00e7\u00e3o corporativa foi parceira da CDN, WN&#038;F Comunica\u00e7\u00e3o e Verbo Comunica\u00e7\u00e3o. Os trabalhos realizados inclu\u00edram participa\u00e7\u00f5es no planejamento e execu\u00e7\u00e3o de pesquisas de m\u00eddia e na elabora\u00e7\u00e3o de planos de comunica\u00e7\u00e3o interna e externa.   <\/p>\n<\/div><div class=\"ui--client-list-wrapper ui--animation ui-row clearfix\"><div class=\"ui--client-list ui--box ui-row clearfix ui--carousel\" data-options=\"{&quot;effect&quot;:&quot;slide&quot;,&quot;auto_rotate&quot;:&quot;1&quot;,&quot;animation_loop&quot;:&quot;0&quot;,&quot;rotate_time&quot;:0,&quot;arrows&quot;:false,&quot;disable_on_mobile&quot;:false}\"><div class=\"slides\"><div class=\"ui-fluid-columns ui-fluid-columns-5 ui-row row\">\n <div   class=\"ui-column ui-fluid-column\"><div class=\"ui--client ui--carousel-item\"><a href=\"http:\/\/www.rhodia.com.br\"><img decoding=\"async\" src=\"https:\/\/textocon.com\/wp-content\/uploads\/2015\/04\/rohd.jpg\" alt=\"\" title=\"\" class=\"ui--animation\"><\/a><\/div><div class=\"vertical-divider\"><\/div><\/div> \n\n <div   class=\"ui-column ui-fluid-column\"><div class=\"ui--client ui--carousel-item\"><a href=\"http:\/\/www.abmbrasil.com.br\/\"><img decoding=\"async\" src=\"https:\/\/textocon.com\/wp-content\/uploads\/2015\/07\/abm.jpg\" alt=\"\" title=\"\" class=\"ui--animation\"><\/a><\/div><div class=\"vertical-divider\"><\/div><\/div> \n\n <div   class=\"ui-column ui-fluid-column\"><div class=\"ui--client ui--carousel-item\"><a href=\"http:\/\/www.sebraesp.com.br\/\"><img decoding=\"async\" src=\"https:\/\/textocon.com\/wp-content\/uploads\/2015\/04\/seb.jpg\" alt=\"\" title=\"\" class=\"ui--animation\"><\/a><\/div><div class=\"vertical-divider\"><\/div><\/div> \n\n <div   class=\"ui-column ui-fluid-column\"><div class=\"ui--client ui--carousel-item\"><a href=\"http:\/\/www.ticket.com.br\/portal\/\"><img decoding=\"async\" src=\"https:\/\/textocon.com\/wp-content\/uploads\/2015\/04\/tick.jpg\" alt=\"\" title=\"\" class=\"ui--animation\"><\/a><\/div><div class=\"vertical-divider\"><\/div><\/div> \n\n <div   class=\"ui-column ui-fluid-column last\"><div class=\"ui--client ui--carousel-item\"><a href=\"http:\/\/br.idclatin.com\/\"><img decoding=\"async\" src=\"https:\/\/textocon.com\/wp-content\/uploads\/2015\/07\/idc3.jpg\" alt=\"\" title=\"\" class=\"ui--animation\"><\/a><\/div><div class=\"vertical-divider\"><\/div><\/div> \n\n<\/div> \n<\/div><\/div><div class=\"ui--shadow ui--shadow-type-1  clearfix\"><img decoding=\"async\" src=\"https:\/\/textocon.com\/wp-content\/themes\/envision\/includes\/modules\/module.shadow\/shadows\/shadow-1.png\" alt=\"shadow\" \/><\/div><\/div>","protected":false},"excerpt":{"rendered":"<p>Quem SomosA Textocon \u00e9 uma empresa pioneira em consultoria de textos, produ\u00e7\u00e3o de relat\u00f3rios de pesquisa e de prospec\u00e7\u00e3o de \u00e1reas de neg\u00f3cios. Fundada em 1990, a empresa mant\u00e9m at\u00e9 hoje a sua tradi\u00e7\u00e3o de atuar com qualidade e efici\u00eancia, buscando diferenciar-se por meio da experi\u00eancia de sua diretoria, com forma\u00e7\u00e3o nas \u00e1reas de contabilidade, [&hellip;]<\/p>\n","protected":false},"author":1,"featured_media":0,"parent":0,"menu_order":0,"comment_status":"open","ping_status":"open","template":"page-sidebar-right.php","meta":{"footnotes":""},"class_list":["post-1423","page","type-page","status-publish","hentry"],"_links":{"self":[{"href":"https:\/\/textocon.com\/index.php?rest_route=\/wp\/v2\/pages\/1423","targetHints":{"allow":["GET"]}}],"collection":[{"href":"https:\/\/textocon.com\/index.php?rest_route=\/wp\/v2\/pages"}],"about":[{"href":"https:\/\/textocon.com\/index.php?rest_route=\/wp\/v2\/types\/page"}],"author":[{"embeddable":true,"href":"https:\/\/textocon.com\/index.php?rest_route=\/wp\/v2\/users\/1"}],"replies":[{"embeddable":true,"href":"https:\/\/textocon.com\/index.php?rest_route=%2Fwp%2Fv2%2Fcomments&post=1423"}],"version-history":[{"count":3,"href":"https:\/\/textocon.com\/index.php?rest_route=\/wp\/v2\/pages\/1423\/revisions"}],"predecessor-version":[{"id":1462,"href":"https:\/\/textocon.com\/index.php?rest_route=\/wp\/v2\/pages\/1423\/revisions\/1462"}],"wp:attachment":[{"href":"https:\/\/textocon.com\/index.php?rest_route=%2Fwp%2Fv2%2Fmedia&parent=1423"}],"curies":[{"name":"wp","href":"https:\/\/api.w.org\/{rel}","templated":true}]}}

<h3 id="custom-title-h3-1" class="ui--animation " style="">Quem Somos</h3><div class="auto-format ui--animation"><p>A Textocon é uma empresa pioneira em consultoria de textos, produção de relatórios de pesquisa e de prospecção de áreas de negócios.<br />
<br />
<strong>Fundada em 1990</strong>, a empresa mantém até hoje a sua tradição de atuar com qualidade e eficiência, buscando diferenciar-se por meio da experiência de sua diretoria, com formação nas áreas de contabilidade, comunicação social e cultura organizacional.</p>
</div><h3 id="custom-title-h3-2" class="ui--animation " style="">Nossa filosofia</h3><div class="auto-format ui--animation"><p>Nossa estratégia baseia-se na filosofia de que as pessoas representam a força indutora do crescimento e das transformações que agreguem valor aos negócios das empresas. Acreditamos que, quando motivados, homens e mulheres conscientes de seus direitos e obrigações tornam-se mais eficientes como atores e protagonistas do exercício profissional e da cidadania.  </p>
<p>Na comunidade, na família e na empresa eles desempenham papéis que se diferenciam entre si, em face da divisão social do trabalho. Sua atuação em cada um desses espaços é marcada pela bagagem que adquirem ao longo de suas respectivas trajetórias profissional e de vida.  </p>
<p>Neste sentido, tanto suas representações quanto as relações concretas desenvolvidas com seus pares, inclusive na vida profissional, refletem sua visão de mundo. O <em>modus operandi</em> daí resultante nas empresas deve ser visto como fruto dessa mistura, traduzindo-se em uma cultura organizacional que dialoga com as diferenças.</p>
</div><div  class="ui--space clearfix" data-responsive="{&quot;css&quot;:{&quot;height&quot;:{&quot;phone&quot;:null,&quot;tablet&quot;:null,&quot;widescreen&quot;:null}}}"></div><div  class="ui--divider ui--animation clearfix ui--divider-dotted-line" style="border-color: #b0b0b0 !important;"></div><div class="ui-row row">
 <div   class="ui-column span4"><div class="ui--image-wrap clearfix"><img decoding="async"  id="ui--image-1" class="ui--image ui--animation" src="https://textocon.com/wp-content/uploads/2015/07/creativ-1.png" alt="creativ-1" title="creativ-1" data-at2x=""/></div><h3 id="custom-title-h3-3" class="ui--animation " style="">Nossa missão</h3><div class="auto-format ui--animation"><p>Ser criativa e inovadora no planejamento e implementação de treinamentos voltados para competências comportamentais, disseminando saberes diferenciados que facilitem enfrentar desafios corporativos decorrentes do ambiente global de negócios. </p>
</div></div> 

 <div   class="ui-column span4"><div class="ui--image-wrap clearfix"><img decoding="async"  id="ui--image-2" class="ui--image ui--animation" src="https://textocon.com/wp-content/uploads/2015/07/missao_ok.png" alt="missao_ok" title="missao_ok" data-at2x=""/></div><h3 id="custom-title-h3-4" class="ui--animation " style="">Objetivos</h3><div class="auto-format ui--animation"><p>Propor soluções pertinentes à sua vocação como prestadora de serviços, buscando, não apenas satisfazer necessidades imediatas de seus clientes, mas, sobretudo, fomentar conhecimentos que proporcionem sua perenização. </p>
</div></div> 

 <div   class="ui-column span4"><div class="ui--image-wrap clearfix"><img decoding="async"  id="ui--image-3" class="ui--image ui--animation" src="https://textocon.com/wp-content/uploads/2015/07/valores_ok.png" alt="valores_ok" title="valores_ok" data-at2x=""/></div><h3 id="custom-title-h3-5" class="ui--animation " style="">Valores</h3><div class="auto-format ui--animation"><p>Respeitar a individualidade humana, reconhecendo cada pessoa com suas respectivas crenças e diferenças, sem manifestar ou praticar qualquer tipo de preconceito de raça, cultura ou de gênero.   </p>
</div></div> 

</div> 
<div  class="ui--space clearfix" data-responsive="{&quot;css&quot;:{&quot;height&quot;:{&quot;phone&quot;:null,&quot;tablet&quot;:null,&quot;widescreen&quot;:null}}}"></div><div  class="ui--divider ui--animation clearfix ui--divider-dotted-line" style="border-color: #b0b0b0 !important;"></div><div class="ui-row row">
 <div   class="ui-column span4"><div class="ui--image-wrap clearfix"><img decoding="async"  id="ui--image-4" class="ui--image ui--animation" src="https://textocon.com/wp-content/uploads/2015/04/perfil6.jpg" alt="perfil6" title="perfil6" data-at2x=""/></div></div> 

 <div   class="ui-column span8"><h3 id="custom-title-h3-6" class="ui--animation " style="">Quem dirige. </h3><div class="auto-format ui--animation"><p>A Textocon é dirigida pelo técnico em contabilidade, jornalista, sociólogo e antropólogo <strong>Maroni J. Silva</strong>, mestre e doutorando em Ciências Sociais pela PUC-SP e autor do livro Magazine Luiza Negócio &#038; Cultura, lançado em 2014 pela Editora Olho D´Água.   </p>
<p>Como jornalista, atuou mais de 30 anos em veículos da grande imprensa, em nível nacional. Em São Paulo, por exemplo, foi editor-assistente de economia na Folha de São Paulo; na empresa O Estado de São Paulo, exerceu a função de repórter de economia e política do Jornal da Tarde, tendo sido, inclusive, setorista da Federação das Indústrias do Estado de São Paulo, e de colaborador da Agência Estado em coberturas econômicas.</p>
<p>Atualmente, além dirigir a Textocon, é colaborador da revista Gestão RH, do Grupo Gestão RH, e professor convidado do curso de Pós-graduação <em>lato sensu</em> em Comunicação Organizacional da FMU (Faculdades Metropolitanas Unidas). </p>
</div></div> 

</div> 
<div  class="ui--divider ui--animation clearfix ui--divider-dotted-line"></div><h3 id="custom-title-h3-7" class="ui--animation " style="">Clientes históricos</h3><div class="auto-format ui--animation"><p>A Textocon iniciou suas atividades trabalhando para grandes empresas, suprindo uma lacuna que atualmente é preenchida, em grande parte, pela internet. Os trabalhos consistiam na coleta, análise e sistematização de dados conjunturais formatados em relatórios, visando subsidiar ações internas, apresentações públicas e decisões estratégicas das empresas.   </p>
<p>Nesse segmento teve como principais clientes a Rhodia, Carboox, Sebrae-SP, Grupo Ticket, Oliveira Neves &#038; Associados e IDC, líder em inteligência de mercado. Prestou serviços também na edição de publicações ao Coren-SP e a associações empresariais, como a ABTCP, ABIMAQ e ABM. </p>
<p>Na área de consultoria em comunicação corporativa foi parceira da CDN, WN&#038;F Comunicação e Verbo Comunicação. Os trabalhos realizados incluíram participações no planejamento e execução de pesquisas de mídia e na elaboração de planos de comunicação interna e externa.   </p>
</div><div class="ui--client-list-wrapper ui--animation ui-row clearfix"><div class="ui--client-list ui--box ui-row clearfix ui--carousel" data-options="{&quot;effect&quot;:&quot;slide&quot;,&quot;auto_rotate&quot;:&quot;1&quot;,&quot;animation_loop&quot;:&quot;0&quot;,&quot;rotate_time&quot;:0,&quot;arrows&quot;:false,&quot;disable_on_mobile&quot;:false}"><div class="slides"><div class="ui-fluid-columns ui-fluid-columns-5 ui-row row">
 <div   class="ui-column ui-fluid-column"><div class="ui--client ui--carousel-item"><a href="http://www.rhodia.com.br"><img decoding="async" src="https://textocon.com/wp-content/uploads/2015/04/rohd.jpg" alt="" title="" class="ui--animation"></a></div><div class="vertical-divider"></div></div> 

 <div   class="ui-column ui-fluid-column"><div class="ui--client ui--carousel-item"><a href="http://www.abmbrasil.com.br/"><img decoding="async" src="https://textocon.com/wp-content/uploads/2015/07/abm.jpg" alt="" title="" class="ui--animation"></a></div><div class="vertical-divider"></div></div> 

 <div   class="ui-column ui-fluid-column"><div class="ui--client ui--carousel-item"><a href="http://www.sebraesp.com.br/"><img decoding="async" src="https://textocon.com/wp-content/uploads/2015/04/seb.jpg" alt="" title="" class="ui--animation"></a></div><div class="vertical-divider"></div></div> 

 <div   class="ui-column ui-fluid-column"><div class="ui--client ui--carousel-item"><a href="http://www.ticket.com.br/portal/"><img decoding="async" src="https://textocon.com/wp-content/uploads/2015/04/tick.jpg" alt="" title="" class="ui--animation"></a></div><div class="vertical-divider"></div></div> 

 <div   class="ui-column ui-fluid-column last"><div class="ui--client ui--carousel-item"><a href="http://br.idclatin.com/"><img decoding="async" src="https://textocon.com/wp-content/uploads/2015/07/idc3.jpg" alt="" title="" class="ui--animation"></a></div><div class="vertical-divider"></div></div> 

</div> 
</div></div><div class="ui--shadow ui--shadow-type-1  clearfix"><img decoding="async" src="https://textocon.com/wp-content/themes/envision/includes/modules/module.shadow/shadows/shadow-1.png" alt="shadow" /></div></div>

<p>Quem SomosA Textocon é uma empresa pioneira em consultoria de textos, produção de relatórios de pesquisa e de prospecção de áreas de negócios. Fundada em 1990, a empresa mantém até hoje a sua tradição de atuar com qualidade e eficiência, buscando diferenciar-se por meio da experiência de sua diretoria, com formação nas áreas de contabilidade, [&hellip;]</p>
