{"id":1298,"date":"2015-03-24T20:29:45","date_gmt":"2015-03-24T20:29:45","guid":{"rendered":"http:\/\/textocon.com\/wp\/?page_id=1298"},"modified":"2015-04-20T18:12:03","modified_gmt":"2015-04-20T18:12:03","slug":"empresa","status":"publish","type":"page","link":"https:\/\/textocon.com\/?page_id=1298","title":{"rendered":"Empresa"},"content":{"rendered":"<div class=\"auto-format ui--animation\"><p>A Textocon \u00e9 uma empresa pioneira na consultoria de textos, produ\u00e7\u00e3o de relat\u00f3rios de pesquisa e de prospec\u00e7\u00e3o de \u00e1reas de neg\u00f3cios.<br \/>\n<br \/>\nFundada em 1990, a empresa mant\u00e9m at\u00e9 hoje a sua tradi\u00e7\u00e3o de atuar com qualidade e efici\u00eancia, buscando diferenciar-se por meio da experi\u00eancia de sua diretoria, com forma\u00e7\u00e3o nas \u00e1reas de contabilidade, comunica\u00e7\u00e3o social e ci\u00eancias sociais<\/p>\n<\/div><h3 id=\"custom-title-h3-1\" class=\"ui--animation \" style=\"\">Nossa miss\u00e3o<\/h3><div class=\"auto-format ui--animation\"><p>Ser criativa e inovadora na elabora\u00e7\u00e3o de textos comprometidos com os princ\u00edpios \u00e9tico-profissionais focados nos objetivos e nas necessidades de seus clientes, sem se distanciar dos fundamentos b\u00e1sicos da atividade de comunica\u00e7\u00e3o, como transpar\u00eancia, objetividade, honestidade e veracidade.<\/p>\n<\/div><h3 id=\"custom-title-h3-2\" class=\"ui--animation \" style=\"\">Objetivos<\/h3><div class=\"auto-format ui--animation\"><p>Propor aos clientes solu\u00e7\u00f5es de comunica\u00e7\u00e3o pertinentes a sua \u00e1rea de atua\u00e7\u00e3o, buscando, n\u00e3o apenas satisfazer suas necessidades imediatas, mas agregar valor aos produtos e servi\u00e7os de seus parceiros por meio de sugest\u00f5es de melhoria cont\u00ednua.<\/p>\n<\/div><h3 id=\"custom-title-h3-3\" class=\"ui--animation \" style=\"\">Quem dirige. <\/h3><div class=\"ui--image-wrap clearfix\"><img decoding=\"async\"  id=\"ui--image-1\" class=\"ui--image ui--animation\" src=\"https:\/\/textocon.com\/wp\/wp-content\/uploads\/2015\/04\/perfil_5.jpg\" alt=\"\" title=\"\" data-at2x=\"\"\/><\/div><div class=\"auto-format ui--animation\"><p>A Textocon \u00e9 dirigida pelo t\u00e9cnico em contabilidade, jornalista e soci\u00f3logo Maroni J. Silva, bacharel em Jornalismo e Comunica\u00e7\u00e3o Social, pela PUC-RS, com cursos de especializa\u00e7\u00e3o (extens\u00e3o) em Rela\u00e7\u00f5es P\u00fablicas, Jornalismo Interpretativo e Sociologia Urbana, pela PUC-RS, e em Rela\u00e7\u00f5es Internacionais, pela USP.<\/p>\n<p>Fez tamb\u00e9m especializa\u00e7\u00e3o em Siderurgia para Jornalistas, pelo Instituto Brasileiro de Siderurgia (IBS), e em Consultoria Empresarial, pela Mocsany Associados.<\/p>\n<p>Iniciou sua carreira profissional como rep\u00f3rter da Folha da Manh\u00e3, da Companhia Jornal\u00edstica Caldas J\u00fanior, no Rio Grande do Sul, onde tamb\u00e9m foi redator na R\u00e1dio Continental, da R\u00e1dio Farroupilha e da R\u00e1dio Ga\u00facha. Nesta \u00faltima, foi tamb\u00e9m produtor e editor.<\/p>\n<p>Atuou tamb\u00e9m no Rio Grande do Sul como rep\u00f3rter do jornal Zero Hora, das revistas Ano Econ\u00f4mico e do Ano Econ\u00f4mico Inform\u00e1tica, da RBS. A partir de 1986, quando se transferiu para S\u00e3o Paulo, foi editor-assistente de economia da Folha de S\u00e3o Paulo, rep\u00f3rter de economia e pol\u00edtica do Jornal da Tarde e colaborador da Ag\u00eancia Estado, em conjuntura econ\u00f4mica.<\/p>\n<p>Tem tamb\u00e9m experi\u00eancia de magist\u00e9rio por ter passado pela Faculdade de Jornalismo C\u00e1sper L\u00edbero, onde foi professor de jornalismo econ\u00f4mico.<\/p>\n<p>Atualmente, \u00e9 p\u00f3s-graduando em Ci\u00eancias Sociais, pela Funda\u00e7\u00e3o Escola de Sociologia e Pol\u00edtica de S\u00e3o Paulo, onde est\u00e1 matriculado no curso Globaliza\u00e7\u00e3o e Cultura. <\/p>\n<\/div>","protected":false},"excerpt":{"rendered":"<p>A Textocon \u00e9 uma empresa pioneira na consultoria de textos, produ\u00e7\u00e3o de relat\u00f3rios de pesquisa e de prospec\u00e7\u00e3o de \u00e1reas de neg\u00f3cios. Fundada em 1990, a empresa mant\u00e9m at\u00e9 hoje a sua tradi\u00e7\u00e3o de atuar com qualidade e efici\u00eancia, buscando diferenciar-se por meio da experi\u00eancia de sua diretoria, com forma\u00e7\u00e3o nas \u00e1reas de contabilidade, comunica\u00e7\u00e3o [&hellip;]<\/p>\n","protected":false},"author":1,"featured_media":0,"parent":0,"menu_order":0,"comment_status":"open","ping_status":"open","template":"page-sidebar-right.php","meta":{"footnotes":""},"class_list":["post-1298","page","type-page","status-publish","hentry"],"_links":{"self":[{"href":"https:\/\/textocon.com\/index.php?rest_route=\/wp\/v2\/pages\/1298","targetHints":{"allow":["GET"]}}],"collection":[{"href":"https:\/\/textocon.com\/index.php?rest_route=\/wp\/v2\/pages"}],"about":[{"href":"https:\/\/textocon.com\/index.php?rest_route=\/wp\/v2\/types\/page"}],"author":[{"embeddable":true,"href":"https:\/\/textocon.com\/index.php?rest_route=\/wp\/v2\/users\/1"}],"replies":[{"embeddable":true,"href":"https:\/\/textocon.com\/index.php?rest_route=%2Fwp%2Fv2%2Fcomments&post=1298"}],"version-history":[{"count":1,"href":"https:\/\/textocon.com\/index.php?rest_route=\/wp\/v2\/pages\/1298\/revisions"}],"predecessor-version":[{"id":1299,"href":"https:\/\/textocon.com\/index.php?rest_route=\/wp\/v2\/pages\/1298\/revisions\/1299"}],"wp:attachment":[{"href":"https:\/\/textocon.com\/index.php?rest_route=%2Fwp%2Fv2%2Fmedia&parent=1298"}],"curies":[{"name":"wp","href":"https:\/\/api.w.org\/{rel}","templated":true}]}}

<div class="auto-format ui--animation"><p>A Textocon é uma empresa pioneira na consultoria de textos, produção de relatórios de pesquisa e de prospecção de áreas de negócios.<br />
<br />
Fundada em 1990, a empresa mantém até hoje a sua tradição de atuar com qualidade e eficiência, buscando diferenciar-se por meio da experiência de sua diretoria, com formação nas áreas de contabilidade, comunicação social e ciências sociais</p>
</div><h3 id="custom-title-h3-1" class="ui--animation " style="">Nossa missão</h3><div class="auto-format ui--animation"><p>Ser criativa e inovadora na elaboração de textos comprometidos com os princípios ético-profissionais focados nos objetivos e nas necessidades de seus clientes, sem se distanciar dos fundamentos básicos da atividade de comunicação, como transparência, objetividade, honestidade e veracidade.</p>
</div><h3 id="custom-title-h3-2" class="ui--animation " style="">Objetivos</h3><div class="auto-format ui--animation"><p>Propor aos clientes soluções de comunicação pertinentes a sua área de atuação, buscando, não apenas satisfazer suas necessidades imediatas, mas agregar valor aos produtos e serviços de seus parceiros por meio de sugestões de melhoria contínua.</p>
</div><h3 id="custom-title-h3-3" class="ui--animation " style="">Quem dirige. </h3><div class="ui--image-wrap clearfix"><img decoding="async"  id="ui--image-1" class="ui--image ui--animation" src="https://textocon.com/wp/wp-content/uploads/2015/04/perfil_5.jpg" alt="" title="" data-at2x=""/></div><div class="auto-format ui--animation"><p>A Textocon é dirigida pelo técnico em contabilidade, jornalista e sociólogo Maroni J. Silva, bacharel em Jornalismo e Comunicação Social, pela PUC-RS, com cursos de especialização (extensão) em Relações Públicas, Jornalismo Interpretativo e Sociologia Urbana, pela PUC-RS, e em Relações Internacionais, pela USP.</p>
<p>Fez também especialização em Siderurgia para Jornalistas, pelo Instituto Brasileiro de Siderurgia (IBS), e em Consultoria Empresarial, pela Mocsany Associados.</p>
<p>Iniciou sua carreira profissional como repórter da Folha da Manhã, da Companhia Jornalística Caldas Júnior, no Rio Grande do Sul, onde também foi redator na Rádio Continental, da Rádio Farroupilha e da Rádio Gaúcha. Nesta última, foi também produtor e editor.</p>
<p>Atuou também no Rio Grande do Sul como repórter do jornal Zero Hora, das revistas Ano Econômico e do Ano Econômico Informática, da RBS. A partir de 1986, quando se transferiu para São Paulo, foi editor-assistente de economia da Folha de São Paulo, repórter de economia e política do Jornal da Tarde e colaborador da Agência Estado, em conjuntura econômica.</p>
<p>Tem também experiência de magistério por ter passado pela Faculdade de Jornalismo Cásper Líbero, onde foi professor de jornalismo econômico.</p>
<p>Atualmente, é pós-graduando em Ciências Sociais, pela Fundação Escola de Sociologia e Política de São Paulo, onde está matriculado no curso Globalização e Cultura. </p>
</div>

<p>A Textocon é uma empresa pioneira na consultoria de textos, produção de relatórios de pesquisa e de prospecção de áreas de negócios. Fundada em 1990, a empresa mantém até hoje a sua tradição de atuar com qualidade e eficiência, buscando diferenciar-se por meio da experiência de sua diretoria, com formação nas áreas de contabilidade, comunicação [&hellip;]</p>
